8*g - 12. Let m(x) = -5*x**2 + 9*x + 6. Let v(l) = -11*m(l) - 6*w(l). Let o be v(-7). List the prime factors of (-156)/(-16) + (-2)/o.
2, 5
Let a(l) = -2*l**3 + l**2 + 2*l - 1. Let u be a(2). Let d = u - 0. Let v = -7 - d. What are the prime factors of v?
2
What are the prime factors of 7/((-35)/(-10)) - (-4)/2?
2
Suppose -20 = -o - 4*o. Suppose 0*d - 36 = -2*d. Suppose -3*k - o*i - 2 = -d, 12 = k - 2*i. What are the prime factors of k?
2
What are the prime factors of (20 + -22)*182/(-4)?
7, 13
Suppose -5*l + 4*a = -747, 3*a + 2*a - 720 = -5*l. List the prime factors of l.
3, 7
Suppose 0*d + 4*d = c - 3, 1 = 2*d - 3*c. What are the prime factors of (11/4)/(d/(-8))?
2, 11
Let c = -1 + 0. Let k = c - -12. What are the prime factors of k?
11
Let l(a) = -a**3 - 10*a**2 - 9*a + 11. Let d be l(-9). Suppose -2*q - 30 = 5*t, -4*t - d = -3. What are the prime factors of -2 - -6*q/(-4)?
13
Suppose 3*o - 237 = 345. What are the prime factors of o?
2, 97
Suppose 17 = 4*d + j, 4*d - 4*j - 11 = j. What are the prime factors of d/6 - 136/(-12)?
2, 3
Suppose -p = -1 - 12. List the prime factors of p.
13
Suppose -3*q - 3 = 2*j - 0, j - 6 = -4*q. Let n(l) = 2*l**2 + 6*l + 12. List the prime factors of n(j).
2, 3
Let j(k) = -3*k - 3*k - 2*k + 2*k. Let o be j(-1). Suppose -22 = -2*w + 5*s, -5*s = 5*w - o*s - 101. List the prime factors of w.
3, 7
Suppose r + 2*h + 3 = 0, r - 4*h + 5 = -4. Let i(b) be the second derivative of -b**5/20 - b**4/2 - b**3 + b**2 + 5*b. What are the prime factors of i(r)?
7
Let v(w) = w**3 - 4*w**2 - 6*w + 3. Let k be v(5). What are the prime factors of (k - (1 - 4))*25?
5
Let m be 2/1*(5 - 1). Let l(k) = -k**3 + 9*k**2 - 8*k - 8. Let i be l(m). Let c = 0 - i. List the prime factors of c.
2
Suppose 0 = 5*m - 99 - 46. Let b = 48 - m. List the prime factors of b.
19
Let v = 0 - -3. Suppose -72 = -5*s - 3*j + 123, 69 = 2*s + v*j. Let i = -30 + s. List the prime factors of i.
2, 3
Let p(k) = -4*k - 1 - 4*k**3 + 5 + 5*k**2 + 3*k**3. What are the prime factors of p(4)?
2
Let w(f) = 5*f. Let v(s) = 6*s - 1. Let t(i) = 3*v(i) - 4*w(i). Let g = -3 - 0. What are the prime factors of t(g)?
3
Suppose 5*j - j = -2*q + 88, 3*q - 63 = -3*j. What are the prime factors of 2 + j + -5 + 2?
2, 11
Let y(q) be the second derivative of 5*q**4/12 + q**2/2 - 3*q. List the prime factors of y(1).
2, 3
Let f(i) be the second derivative of -7/12*i**4 + 0 - i - 9/2*i**2 + 1/20*i**5 - i**3. What are the prime factors of f(8)?
7
Let c(l) = -l**2 + 6*l - 6. Let p be 0 - 2 - 6*-1. What are the prime factors of c(p)?
2
Suppose 3*q - 16 = -4. Suppose -p = -11 - q. List the prime factors of p.
3, 5
Suppose -4*h - 5*x = -0*h - 9, 0 = 3*x + 9. What are the prime factors of h?
2, 3
Suppose 12 = -4*g, 4*n + 4*g = n + 219. What are the prime factors of n?
7, 11
Suppose 149 + 22 = 4*v + 5*a, -2*v + 90 = 4*a. List the prime factors of v.
3, 13
Let w be 1/(-4) + 82/8. Let x(y) = 2*y - 3. What are the prime factors of x(w)?
17
Let i = 3 + -1. What are the prime factors of i?
2
Let o = 6 + -2. Suppose o*y = 2*l + 14, y + 2*l = -2*l - 1. Suppose -4*b - y*j = -48, -b = -3*j - 24 - 3. What are the prime factors of b?
3, 5
Suppose 0*i = 3*i - 24. What are the prime factors of i?
2
Let p be (-4)/10*(-9 - 1). Suppose 3*t - 4*t + 16 = p*i, -4*t = 0. List the prime factors of i.
2
Let a(q) = 20*q - 1. Suppose -2*c = -3*m + 12, 5*c = -m - m - 11. List the prime factors of a(m).
3, 13
Suppose -u = -26 + 2. What are the prime factors of u?
2, 3
Let i = -68 + 132. What are the prime factors of i?
2
Suppose -3*p + 0*p = -120. Suppose 3*k = -k + 5*y + 36, -5*k = -5*y - p. Suppose -2*z + z = -k. What are the prime factors of z?
2
Let h be ((-6)/15)/((-2)/20). Suppose -34 = -h*u + 46. What are the prime factors of u?
2, 5
What are the prime factors of (-1)/(-3) + (-7)/(147/(-3395))?
2, 3
Suppose u = -k - 25, 3*u + k - 11 + 76 = 0. List the prime factors of (-2 + 1)*-3 - u.
23
Suppose -3*i - 4*c + 6 = -20, 3*i - 10 = 4*c. Suppose -2*s = -0*s - i. Suppose 0 = s*y - y - 30. What are the prime factors of y?
3, 5
Suppose 0 = -3*h + 79 + 44. Let z = h + -18. List the prime factors of z.
23
Let a = 0 - -2. Suppose a*p + 17 = 83. List the prime factors of p.
3, 11
Suppose 0 = 2*y - 5 + 1. Let o be 0/y + (0 - -5). Suppose -i = o, v - 5*v = 2*i - 6. List the prime factors of v.
2
Let x(g) = 8 + g**2 - 2*g + 3 - 7*g. List the prime factors of x(8).
3
Let o(u) = 4*u - 2. Let m be o(3). Let a(n) = n - 6. Let t be a(m). Suppose 5*x = 2*j + 96, x + 70 = t*x + 5*j. What are the prime factors of x?
2, 5
Suppose 0 = 3*x - 6*x + 60. Let r = x - -44. Suppose 4*j - 8*j = -r. What are the prime factors of j?
2
Suppose -4*u + 2*h + 52 = 0, -5*h - 21 = -u + 1. Suppose -k + u = 3*k. List the prime factors of (-2)/k + 53/3.
17
Suppose -7*l - 3 = -4*l. Let o = 20 - l. What are the prime factors of o?
3, 7
Let z = 34 - 24. List the prime factors of (1/((-1)/z))/(-2).
5
Let s(j) = 3*j - 10. Let z be 8/(-20) + (-62)/(-5). List the prime factors of s(z).
2, 13
Suppose 0 = -0*r - r + 144. What are the prime factors of 3/(-3 + r/44)?
11
Let n(b) = b**2 - 5*b - 9. Let x be n(7). Let u = x - 3. List the prime factors of u.
2
List the prime factors of -5 + (0 - -53) - -1.
7
Let q = 11 + 7. Let t = q - 15. List the prime factors of t.
3
Let f = 0 + -1. Let q = f - -6. Suppose 0 = 5*p + 5*i - 75, -p - i - q = -2*p. What are the prime factors of p?
2, 5
Let r(j) be the first derivative of 25*j**2/2 + 6. List the prime factors of r(1).
5
Suppose -v + 29 = -0*z - 5*z, 70 = 4*v + 3*z. What are the prime factors of v?
19
Let p(k) = -k**2 - 7*k - 7. Let q be p(-5). Suppose 0 = q*i - 8 + 2. Suppose 0 = b + i*l + 1 - 17, -5*l = -4*b + 25. List the prime factors of b.
2, 5
What are the prime factors of (-17)/(4/(4/(-1)))?
17
Let s = 997 + -660. What are the prime factors of s?
337
Let p = 1 - -6. List the prime factors of p.
7
Let c = 1 - -7. Let m(w) = -3*w**3 + 3*w**2 - w - 2. Let g be m(2). What are the prime factors of (c/g)/(1/(-4))?
2
List the prime factors of ((-11)/(-2) - 4)*(-32)/(-3).
2
Let d(l) = l**3 - 6*l**2 - l - 5. What are the prime factors of d(8)?
5, 23
Suppose 27*x + 444 = 31*x. List the prime factors of x.
3, 37
Suppose 0*l = v - l - 227, l - 693 = -3*v. Suppose v = -2*x + 7*x. What are the prime factors of x?
2, 23
Let v(z) = -z**2 + z + 4. Let s be (-2 - (1 - 0)) + 7. Let p be v(s). Let n = p + 14. What are the prime factors of n?
2, 3
Suppose 0 = -4*d + 3*c + 7, -1 - 11 = -4*c. Suppose -2*r = -d*k + 34, 4*r + 28 = 3*k - 5. Suppose 0 + k = v. What are the prime factors of v?
7
Suppose 2*b - 4*r - 842 = 0, r + 419 = -0*b + b. What are the prime factors of b?
3, 139
Let v(g) = -g**2 - 3*g. Let b be v(-2). Suppose 4*f = 8*f. List the prime factors of (1 - f) + b/2.
2
Suppose 0 = -3*j + 14 + 34. Suppose t - j = -1. What are the prime factors of t?
3, 5
Let a be (-1)/1 - (-4 + 0). Suppose a = 4*t - 9. Suppose 12 = 7*i - t*i. What are the prime factors of i?
3
Suppose -5*h + 224 = -h. Suppose 2*s = f + s - 18, 2*s = -2*f + h. What are the prime factors of f?
23
Let a be (-6)/((-1 - 3)/2). Let v = 12 - -44. Suppose -5*x = a*i - v, 2*i = -2*x + i + 22. What are the prime factors of x?
2, 5
Suppose 2*y + 4*s + 25 = -y, 0 = -4*y + 3*s. What are the prime factors of (-34)/y*12/8?
17
Let s = -15 + 11. Let z = 0 - 2. List the prime factors of (2 - s) + z - 0.
2
Let v = -3 + 5. Suppose 3*i - 9 = -i + q, 0 = v*q - 6. List the prime factors of i.
3
Suppose -3*f - 3*x + 12 = 0, -4*f = -3*f + 3*x - 4. Suppose -f = -k + 2. List the prime factors of k.
2, 3
Suppose 0*h - 956 = -3*h + x, -5*x + 1620 = 5*h. List the prime factors of h.
2, 5
Suppose -2*j + 385 = 3*k, 5*k + j = -399 + 1043. What are the prime factors of k?
3, 43
Let t be -2*(-2 - -3) - 54. Let c = t - -98. List the prime factors of c.
2, 3, 7
Suppose -45*z = -42*z - 456. List the prime factors of z.
2, 19
Suppose -2 - 4 = -3*x. Suppose -3*r - 2 = -x*m, r = -4*m - 0*r - 10. List the prime factors of (m/(-5))/((-6)/(-180)).
2, 3
Let v = 3 + 1. Suppose -5*x - 2*m = -28, -x = x + v*m - 24. List the prime factors of x.
2
Let i(p) = -p**2 + 3*p + 4. Let z be i(4). Let r = 3 + z. List the prime factors of r.
3
Let t(h) = 9*h**2 - 9*h + 15. Let u(l) = -4*l**2 + 5*l - 7. Let c(a) = 3